5 = -3*i - 41462. List the prime factors of a.
34171
Suppose -3*v - 316*u + 136671 = -317*u, -4*u = 5*v - 227819. What are the prime factors of v?
29, 1571
Let i(a) be the first derivative of a**3/2 + 11*a**2 + 10*a + 5. Let w(c) be the first derivative of i(c). List the prime factors of w(0).
2, 11
Let y = 47651 - 30874. What are the prime factors of y?
19, 883
Let l(i) = i**3 + 23*i**2 + 24*i + 40. Let b be l(-20). Suppose b - 220 = -5*d. Let r = 178 + d. What are the prime factors of r?
2, 5, 7
Let f(u) = 692*u - 10950. What are the prime factors of f(38)?
2, 7673
Let l(b) = b**3 - 5*b**2 - 13*b + 35. Let m be l(10). Let j = m - 303. List the prime factors of j.
2, 3, 17
Let p(q) = -2*q**2 + 8*q - 441. Let i be p(26). Let t = i - -3373. List the prime factors of t.
2, 3, 149
List the prime factors of (-34251 + (0 - -1))/(-23 + (-1953)/(-93)).
5, 137
Let c be (343 - -3) + 7 + -1. Suppose 5*x + c = 6*x. What are the prime factors of x?
2, 11
Let b be (-6092)/6*(-24)/16. Suppose y - 1708 = -2*j, b + 1038 = 3*j + y. List the prime factors of j.
853
Let v(h) = -117*h**3 - 3*h**2 - h. Let d be 3/(-6) + (-9)/(-2) + -5. Let g be v(d). Suppose -349 = -9*i - g. What are the prime factors of i?
2, 13
Let n = -252 + 254. Suppose 0 = 4*p - n*m + 3*m - 189, -5*p = -m - 243. List the prime factors of p.
2, 3
Let p(v) = 172*v**2 + 6. Let n be p(-3). Suppose 3*i - n = 2*q, -3*i + 17*q - 14*q + 1551 = 0. What are the prime factors of i?
2, 5, 13
Suppose 3*m + 5*l - 117639 = 3*l, -5*l = 3*m - 117648. What are the prime factors of m?
113, 347
Suppose 0 = 7*t - 10*t. Suppose -l = 5*r - 4, 3*l = -t*l - 3*r + 12. Suppose 4*o + l*n - 177 = o, -3*o + 5*n + 177 = 0. List the prime factors of o.
59
Let u(h) = -h**2 - 46*h + 65. Let z be u(-27). Let y = z - -8. What are the prime factors of y?
2, 293
Suppose m + 15683 = 3*s, 5*s - 9889 - 16252 = m. List the prime factors of s.
3, 7, 83
What are the prime factors of ((-2)/7 - 471/(-63)*2)*639?
2, 3, 11, 71
Suppose -g + 2 = -t + 6, -5*t - 1 = -2*g. Let u be (g/((-70)/104))/(1/(-25)). Let z = -106 - u. List the prime factors of z.
2, 7, 11
Let x = 1108 - -738. Suppose 2*h - 294 = -l + x, 4*h + 4*l = 4284. What are the prime factors of h?
1069
Let z be (-2)/(-5 + 3 + (-6)/(-4)). Suppose 0*k + 4*x - 8 = 4*k, 0 = z*x - 16. What are the prime factors of k*(-1 + 2) + (-63)/(-7)?
11
Suppose 3*l - 5173 = -2*z, 0 = -3*l - 2 - 1. Suppose -4*x + z = 2*s, -3*x = -s - 3*s - 1963. What are the prime factors of x?
11, 59
Let b(l) = 1. Let h(t) = t - 23*t - t - 11 - 22. Let o(k) = 5*b(k) - h(k). What are the prime factors of o(5)?
3, 17
Let x = 450 + 32. Suppose -y + x = 3*m + m, 3*m = -2*y + 939. Let v = y + -328. List the prime factors of v.
2, 67
Let n be -14*(-9)/504 + 4014/8. Let s = n + 154. List the prime factors of s.
2, 41
Let n(d) = -d**3 + 21*d**2 - 81*d - 154. List the prime factors of n(-26).
2, 8431
Suppose 14*u = 52*u - 130775 - 53411. What are the prime factors of u?
37, 131
Suppose -2*a - 5*h + 31 = 0, 38 - 37 = -a + 3*h. Suppose -a*v - 12*v = -5840. What are the prime factors of v?
2, 73
Suppose 205*o - 127*o = 2125500. List the prime factors of o.
2, 5, 109
Let r(j) = j**3 - 13*j**2 - 34*j - 580. What are the prime factors of r(26)?
2, 1831
List the prime factors of -2182*(19/(-4) - 153/612).
2, 5, 1091
Let w(j) be the second derivative of 1/12*j**4 - 1/6*j**3 + 1/20*j**5 + 0 - 7*j + 21/2*j**2. What are the prime factors of w(0)?
3, 7
Let o = -325 + 290. What are the prime factors of 516 + o/(3 - -4)?
7, 73
Suppose -3*l + 2*u = -17 + 8, 5*l = -2*u + 15. Suppose 0 = 2*j - 4*q - 1900, j = -l*q + 7*q + 946. What are the prime factors of j?
2, 3, 53
Let i(p) = 20*p**2 - 111*p - 3013. List the prime factors of i(-25).
2, 6131
Let s = -46 - -51. Let k(m) = -26*m + 5 + s - 11. List the prime factors of k(-2).
3, 17
Suppose -3*r - 21 = 4*r. What are the prime factors of (0 - 738)*(r/2 + 1)?
3, 41
Suppose -115 + 1 = 6*m. What are the prime factors of ((-6168)/(-36))/(m/(-6) - 3)?
2, 257
What are the prime factors of 33807/(-3)*(207/(-189) + 2/21)?
59, 191
Suppose 3*a + y = -16, 3*y - 6 = -0. List the prime factors of -3*598/a + -3.
2, 37
Let f(j) = 12*j + 3327. Let g be f(0). Suppose -3*d + g = 2*t, 5*t = -5*d + 4175 + 1365. List the prime factors of d.
11, 101
Suppose 5*o - 19 - 1 = 0. Suppose 8*t - 672 = o*t. What are the prime factors of t?
2, 3, 7
Let a(j) = 33*j**2 + 32*j - 8*j + 30 - 12*j - 22*j. List the prime factors of a(5).
5, 7, 23
List the prime factors of (6/2)/(42/314622).
3, 11, 227
Let c be (-2)/4*(-2 - 2). Suppose -2*g + 8 = c. Suppose -3*a + 127 = s, 180 = 4*a - s - g*s. List the prime factors of a.
43
Let o = 87 - 87. Suppose -w = 2*k + 4*w + 367, -4*k - 2*w - 710 = o. Let c = 54 - k. What are the prime factors of c?
2, 5, 23
Let z(q) = 3*q**2 - 38*q - 3. Suppose 0 = -5*m + 45 + 20. What are the prime factors of z(m)?
2, 5
Let v = -24230 - -87388. List the prime factors of v.
2, 23, 1373
Suppose 246*p + 413250 = 265*p. What are the prime factors of p?
2, 3, 5, 29
Suppose 11*h - 345909 = 515930. What are the prime factors of h?
47, 1667
Let k be -5*(-4)/50 + 39/15. Suppose 5*r = r + k*r. Suppose 3*a = 5*l + 169, r = 3*a - 6*a - 3*l + 201. List the prime factors of a.
3, 7
Let u = 985 - 985. What are the prime factors of (u - (-486)/(-4))/((-84)/112)?
2, 3
Let v(f) = -52*f + 1. Let u be 3 + (4 - 6) + 3. Suppose 5*p + u = p. List the prime factors of v(p).
53
Let s be 1*((-1)/1 - -33). Let k be 6/4*(-70)/(-21). Suppose k*v - 78 = s. What are the prime factors of v?
2, 11
What are the prime factors of ((-2)/(-14)*3)/(-6 + (-11679093)/(-1946511))?
3, 3433
Let s be 8/(-6)*-3*3. Suppose -q - 5*c + 1483 = -32, 5*c = 4*q - 6135. Suppose -s*o - q = -22*o. What are the prime factors of o?
3, 17
Suppose -g = 6*g + 98. Let q(i) = -i**3 - 16*i**2 - 27*i + 18. Let a be q(g). What are the prime factors of (a/(-4))/((-3)/129)?
43
Let w = 753 - 736. Suppose -3*z - 4*f = -227, 5*z - 19*f + w*f - 335 = 0. List the prime factors of z.
3, 23
Suppose -16*s - 32*s - 3312 = 0. Let y = 257 - 145. Let o = s + y. What are the prime factors of o?
43
Let o be (11 + -2)*((-494)/(-39) - 4). Suppose -3*y + 111 + 114 = 0. Suppose y*c = o*c - 822. What are the prime factors of c?
2, 137
Suppose -6*g = 8315 - 419. Let q = -364 - g. What are the prime factors of q?
2, 7, 17
What are the prime factors of (767854/24 - 365/(-292)) + 1/(-6)?
3, 5, 79
Let v = -8789 + 14556. What are the prime factors of v?
73, 79
Let g be ((-30)/6 + -3749)*-1. Suppose 0 = 16*u - g - 3238. List the prime factors of u.
19, 23
Let m = -248 - -146. Suppose 441 = 2*p + 61. Let z = p + m. List the prime factors of z.
2, 11
Let j(o) = 152*o + 459. Let i be j(-3). Let u(r) = 92*r + 1. Let p be u(6). Suppose i*d = -4*d + p. List the prime factors of d.
79
Suppose 0 = -p - 5*p + 3*p. What are the prime factors of p + -1 - (78/(-2) - 5)?
43
Suppose 1263 = i - 760. Let o = i + -1404. What are the prime factors of o?
619
Let r be (-2)/(-12) - (-99)/54. Suppose -2*t + 6 = -r. Suppose 3*m - f - 140 = 0, 74 = -t*m + 2*f + 258. What are the prime factors of m?
2, 3
Let t(j) = 8388*j + 11057. What are the prime factors of t(5)?
7, 67, 113
Let f(u) be the third derivative of u**7/1260 + u**6/720 - u**5/5 - 16*u**2. Let a(l) be the third derivative of f(l). List the prime factors of a(6).
5
Let r(b) = -50*b + 9*b + 71 - 5. What are the prime factors of r(-6)?
2, 3, 13
Let j be (-1 - 14/(-4))*66/15. Suppose -1140 = -6*y + j*y. What are the prime factors of y/(-10)*(-80)/(-16)?
2, 3, 19
Let j = 13572 - -20418. What are the prime factors of j?
2, 3, 5, 11, 103
Let p(b) = 18*b**2 + b + 15. Let t = -147 + 141. List the prime factors of p(t).
3, 73
Let r(v) be the first derivative of -35*v**4 + v**3/3 + v**2/2 - v + 55. What are the prime factors of r(-1)?
139
Suppose 54727*p = 54725*p + 79716. What are the prime factors of p?
2, 3, 7, 13, 73
Suppose -5*l = -2*m - 2326, -4*m + 633 = -4*l + 2489. Suppose 3*v = 4*f + l, 3*f = -f - 2*v - 476. Let t = -57 - f. List the prime factors of t.
61
Let j = 473 + -451. List the prime factors of j/(-77) + 16638/21.
2, 3, 11
Let w = -65 - -69. Suppose 588 = 22*t - 18*t + w*c, -c + 295 = 2*t. What are the prime factors of t?
2, 37
Let c = -121 - -122